{"id":48,"date":"2018-05-15T17:30:38","date_gmt":"2018-05-15T17:30:38","guid":{"rendered":"http:\/\/www.augenmoerth.at\/blog\/?page_id=48"},"modified":"2024-11-06T09:51:54","modified_gmt":"2024-11-06T09:51:54","slug":"ueber-mich","status":"publish","type":"page","link":"https:\/\/www.augenmoerth.at\/index.php\/ueber-mich\/","title":{"rendered":"\u00dcber mich"},"content":{"rendered":"<p>Ober\u00e4rztin f\u00fcr Augenheilkunde und Optometrie<\/p>\n<p>Mitglied der \u00d6sterreichischen Ophthalmologischen Gesellschaft<\/p>\n<p>Mitglied der Deutschen Ophthalmologischen Gesellschaft<\/p>\n<p>Seit Dezember 2011 Augen\u00e4rztin an der Augenabteilung in der Klinik Donaustadt<\/p>\n<p>Ausbildungsassistentin in der Ordination Univ.-Doz. Dr. Elisabeth Arocker-Mettinger<\/p>\n<p>Wissenschaftliche T\u00e4tigkeit \u00fcber die &#8222;Differentialdiagnose orbitaler Tumore&#8220; unter der Leitung von Univ. Prof. Dr. Wolfgang Hauff, AKH Wien<\/p>\n","protected":false},"excerpt":{"rendered":"<p>Ober\u00e4rztin f\u00fcr Augenheilkunde und Optometrie Mitglied der \u00d6sterreichischen Ophthalmologischen Gesellschaft Mitglied der Deutschen Ophthalmologischen Gesellschaft Seit Dezember 2011 Augen\u00e4rztin an der Augenabteilung in der Klinik Donaustadt Ausbildungsassistentin in der Ordination Univ.-Doz. Dr. Elisabeth Arocker-Mettinger Wissenschaftliche T\u00e4tigkeit \u00fcber die &#8222;Differentialdiagnose orbitaler Tumore&#8220; unter der Leitung von Univ. Prof. Dr. Wolfgang Hauff, AKH Wien<\/p>\n","protected":false},"author":2,"featured_media":0,"parent":0,"menu_order":0,"comment_status":"closed","ping_status":"closed","template":"","meta":[],"_links":{"self":[{"href":"https:\/\/www.augenmoerth.at\/index.php\/wp-json\/wp\/v2\/pages\/48"}],"collection":[{"href":"https:\/\/www.augenmoerth.at\/index.php\/wp-json\/wp\/v2\/pages"}],"about":[{"href":"https:\/\/www.augenmoerth.at\/index.php\/wp-json\/wp\/v2\/types\/page"}],"author":[{"embeddable":true,"href":"https:\/\/www.augenmoerth.at\/index.php\/wp-json\/wp\/v2\/users\/2"}],"replies":[{"embeddable":true,"href":"https:\/\/www.augenmoerth.at\/index.php\/wp-json\/wp\/v2\/comments?post=48"}],"version-history":[{"count":9,"href":"https:\/\/www.augenmoerth.at\/index.php\/wp-json\/wp\/v2\/pages\/48\/revisions"}],"predecessor-version":[{"id":129,"href":"https:\/\/www.augenmoerth.at\/index.php\/wp-json\/wp\/v2\/pages\/48\/revisions\/129"}],"wp:attachment":[{"href":"https:\/\/www.augenmoerth.at\/index.php\/wp-json\/wp\/v2\/media?parent=48"}],"curies":[{"name":"wp","href":"https:\/\/api.w.org\/{rel}","templated":true}]}}